 are the prime factors of (-165)/22*(-8)/6?
2, 5
Suppose 0 = -4*i + 5*s - 3, 3*s - 2 = 3*i + 1. Let k be (i/(-3))/((-4)/(-138)). Let p = k - 14. What are the prime factors of p?
3
Let j be (-2)/(3 + (-100)/36). Let v = 6 + -31. Let n = j - v. List the prime factors of n.
2
List the prime factors of (13 + -1)*4/((-20)/(-25)).
2, 3, 5
Let z(p) = 6*p**2 + 2*p + 1. Let q be z(-1). Let m = -7 + q. List the prime factors of m*(33/(-6) + 3).
5
Let w = 10 - 4. What are the prime factors of w?
2, 3
What are the prime factors of (9/(-4))/((-27)/792)?
2, 3, 11
List the prime factors of 36 + (-1)/1*2.
2, 17
Let j(a) = -a - 3. Let l be j(-4). Let f be (3 + -11)/(l/(-2)). What are the prime factors of (f/10)/((-4)/(-10))?
2
Suppose 0 = 5*d, -3*y + d + 28 = -y. Suppose 4*k = w - 28, -y = -3*w - 4*k + 22. List the prime factors of w.
2
Suppose -2*j = 2*h + 12, -3*j = h + 2*j + 10. Let d = h + 3. List the prime factors of (-2*1)/(1/d).
2
Let i(d) = 2*d + 7. Let n be i(-6). Let w(z) = -3*z + 9. What are the prime factors of w(n)?
2, 3
Let w = 147 - 26. What are the prime factors of w?
11
Suppose -3*i + 4 = -5. Let x = i + 18. List the prime factors of x.
3, 7
Suppose -4*m + 5*d + 52 = 0, -5*m + 4*d = -2*m - 38. List the prime factors of m.
2, 3
Let s(l) be the third derivative of l**5/120 + l**4/3 - l**3/6 + l**2. Let d(w) be the first derivative of s(w). List the prime factors of d(0).
2
Suppose 0 = -26*j + 31*j - 440. List the prime factors of j.
2, 11
Let q = -25 - -12. Let n(i) = i**2 - i + 4. Let d be n(-4). Let a = d + q. List the prime factors of a.
11
Let i(q) = -q + 4. Let p be 2/(-9) + (-258)/54. What are the prime factors of i(p)?
3
Let q be ((-1)/3)/((-2)/(-6)). Let u(k) be the second derivative of -5*k**3/3 - 2*k. List the prime factors of u(q).
2, 5
Suppose 3*p + p = 8. Suppose 4 = p*h - 0*h. Let g(m) = 2*m**2 + 2*m - 1. List the prime factors of g(h).
11
Let z(h) = h**3 - 4*h**2 - 3*h - 6. Let u be z(5). Suppose 5*b = -29 + 9, -p + u*b + 14 = 0. Let f = p + 8. List the prime factors of f.
2, 3
Let d = -13 - -53. List the prime factors of d.
2, 5
List the prime factors of 5/(2 + -7) - -45.
2, 11
Let x be (0 + -1)/(2/(-6)). Suppose 0 = x*f + 2*f - 30. List the prime factors of 1*-1 + f + -1.
2
Let i(j) = -85*j**3 - 2*j - 2. What are the prime factors of i(-1)?
5, 17
Suppose 3*k - 4*a + 2 - 1 = 0, -10 = 5*a. Let l = k - -5. What are the prime factors of 1 + l/1 + 4?
7
Suppose s = -42 + 193. List the prime factors of s.
151
Let b be (-268)/(-6) - 3/(-9). Let p = -30 + b. What are the prime factors of p?
3, 5
Suppose 5*i - 4*i - 125 = 0. List the prime factors of i.
5
Let t = -11 - -18. Suppose t = i - 5. List the prime factors of i.
2, 3
List the prime factors of -21*(20/(-6) - -3)*4.
2, 7
Suppose t + 2 = 4*h - 9, -4*h - 4*t + 36 = 0. What are the prime factors of h?
2
Let b = -24 + 34. Let q(w) be the second derivative of -w**5/20 + 11*w**4/12 - 4*w**3/3 - 2*w**2 + w. List the prime factors of q(b).
2
Suppose -5*h - i + 270 = 0, 4*h + 3*i = 33 + 194. List the prime factors of h.
53
Let g be ((-8)/(-20))/((-1)/25). Let b be 20/25*g/(-4). Suppose k = -2*r - b + 4, -5*k - 3*r = -10. What are the prime factors of k?
2
List the prime factors of (-935)/(-20) + 9/(-12).
2, 23
Suppose -2*c + 79 = 3*g - 55, -195 = -3*c - 3*g. What are the prime factors of c?
61
Let r(z) = -z**3 + 4*z**2 + 2*z - 3. Let k be r(2). List the prime factors of 1/((k/(-6))/(-3)).
2
Let w be (-3 - 0)*(-12)/(-9). Let b be (-7)/(-2) - (-2)/w. Suppose -18 = -b*y - 0. List the prime factors of y.
2, 3
Let w(c) = -3*c - 3. Let j be w(-2). Suppose -j*y + 5 = -2*y. List the prime factors of y.
5
Let h = -5 - -8. Let c = -2 + 2. Suppose h*u - 12 = c, 0 = 5*b - 5*u - 30 - 25. List the prime factors of b.
3, 5
Let k be (1 - (-2)/(-4))*6. Let x be 4/(-6)*k/2. List the prime factors of x/(-2) - (-27)/6.
5
Let p be 4/(-10) + (-32)/(-5). Let i be (0 - p/9)*-6. Suppose -y + 27 = 2*v + 2, -5*v - i*y = -64. List the prime factors of v.
2, 3
Suppose -2*f + 28 = q, -2*q = q - f - 49. Let d = q + 6. List the prime factors of d.
2, 3
Let x = -19 - -32. List the prime factors of x.
13
What are the prime factors of (-1000)/(-6) - (2 + (-12)/9)?
2, 83
Suppose -p = 2*d + 3*d + 12, 4*d = -2*p + 6. Let f = p + -11. What are the prime factors of f?
2
Suppose 5*h + 4*j - 48 = 0, -2*h - j = 2*h - 45. Let a be 10/(-55) + 192/(-33). Let f = a + h. What are the prime factors of f?
2, 3
Let t = 380 - 241. List the prime factors of t.
139
Suppose -5*g = -5*h - 50, 5*g - 2*h = 10 + 31. What are the prime factors of g?
7
Suppose 0 = 2*f - 5*c - 19, -4*f + 1 = c - 4. Suppose 2*m + 6 = f. List the prime factors of -2*(m + 3)*-5.
2, 5
Suppose -4*k = -0 + 32. Let f = 6 + k. What are the prime factors of f/2*(-9 + 4)?
5
Let z(j) = 6*j + 1. Let c(b) = 1. Let a(g) = 2*c(g) - z(g). What are the prime factors of a(-4)?
5
Suppose 4*l = -u + 2*l - 39, 4*l = 4*u + 192. Let r = u + 64. List the prime factors of r.
19
Suppose 0 = 5*u + 5*h + 175, -2*u + h + 4*h - 35 = 0. Let y = -18 - u. List the prime factors of y.
2, 3
Let j = -108 + 359. What are the prime factors of j?
251
Let i = 6 + -3. Suppose i*c - 3*k - 16 = -5*k, 0 = 3*c - k - 19. What are the prime factors of c?
2, 3
List the prime factors of 2 + (-1)/(-2)*362.
3, 61
Let s = -8 - -12. Suppose -k - s*k + 250 = 0. Suppose -4*u + 30 = u + 2*f, 5*u - k = 2*f. What are the prime factors of u?
2
Let u(n) = -13*n + 2. Let h be u(-4). Suppose -2*i + h = 4. Suppose g + 3 = -0, 4*d + g = i. List the prime factors of d.
7
Suppose 0 = 6*b - 9*b + 132. What are the prime factors of b?
2, 11
Let i be 1 - -3*(2 + -1). Suppose -i = 4*j - 0. Let z = j - -14. List the prime factors of z.
13
Let z(t) = -4*t + 33. What are the prime factors of z(-10)?
73
Let l = -6 - -13. Suppose 0 = -3*u + 2 + l. What are the prime factors of u?
3
Let f be 6/(-21) - 178/14. Let p = f - -28. List the prime factors of p.
3, 5
Let j = -1 + -5. Let t be 11/1 - j/(-2). Suppose t*o - 5*o - 12 = 0. List the prime factors of o.
2
Suppose 5*w + 119 = 394. What are the prime factors of w?
5, 11
Let h = -18 + 26. Let b(y) = y**3 - 8*y**2 - 1. Let a be b(h). What are the prime factors of (-1)/(0 + a/3)?
3
Suppose -2*m - 3*m = 5*k, 3 = 5*m + 4*k. What are the prime factors of m + (3*16)/2?
3
Let c = -22 - -30. Let h = c - -14. What are the prime factors of h?
2, 11
Let u be ((-28)/(-8))/1*2. Suppose a - 4 = -d + u, 55 = 5*d + a. List the prime factors of d.
11
Let c(y) = -y + 10. Let j(z) = z**3 + 5*z**2 + 3*z - 1. Let q be j(-3). List the prime factors of c(q).
2
List the prime factors of (-16 + -8)*(-4)/6.
2
Suppose o = 15 + 70. List the prime factors of o.
5, 17
List the prime factors of 1640/16 - -3*(-1)/(-2).
2, 13
Let d = 12 + -8. Suppose 4*c = -12, 5*y - d*c + 2 = 14. Suppose y*p = 4*p - 12. List the prime factors of p.
3
Suppose f = -30 + 81. Suppose -o + 4*o - f = 0. List the prime factors of o.
17
Suppose 101 = 6*v + 5. What are the prime factors of v?
2
Suppose u - 3*w = -4*w + 38, 5*u - 150 = 5*w. Let x = -1 + 6. Suppose -3*p + 36 = 2*p + t, -t - u = -x*p. What are the prime factors of p?
7
Let z(a) = a**2 - 5*a + 6. Let s be z(4). What are the prime factors of 925/30 - s/(-12)?
31
Suppose 42 + 60 = 2*m. List the prime factors of m.
3, 17
Let i(f) = -14*f. Let w be i(-2). Let l = w - 48. Let u = -13 - l. What are the prime factors of u?
7
Let k(h) = h - 4. Let l be k(4). Suppose -3*s + 21 - 6 = l. Suppose -23 = -2*p + m - 3, 0 = 4*p + s*m - 40. What are the prime factors of p?
2, 5
Suppose -c + 20 - 6 = 0. What are the prime factors of c?
2, 7
Let h = 56 - 33. What are the prime factors of h?
23
Let i(u) = 3*u - 2. Suppose -k = 2*k - 6. Let w be i(k). Suppose -36 + 96 = w*d. What are the prime factors of d?
3, 5
Let c(t) = -t**3 + 10*t**2 + 3*t + 18. List the prime factors of c(9).
2, 3, 7
Suppose 5*k + 120 = 5*h, 0 + 60 = 3*h + k. Let z = h - -1. What are the prime factors of z?
2, 11
Suppose -2*g - 2*m = -16, 2*g = -m + 2*m + 4. Let h = -2 + g. Suppose -2*q - h*q + 36 = 0. What are the prime factors of q?
3
What are the prime factors of 1184/20 + (-1)/5?
59
Let y(t) = t**2 + 4*t + 3. Let m be y(-4). Suppose -2*c - 2*u - 36 = -5*c, -5*c + 59 = -m*u. What are the prime factors of c?
2, 5
Let v = -8 - -1